*o. Let i(v) be the first derivative of r(v). What is the units digit of i(-7)?
5
What is the thousands digit of 24/64*-2*(-40760)/15?
2
Let b(i) = 96*i - 310. What is the units digit of b(18)?
8
Let f(w) = 21*w + 52*w - 1 - 9*w. What is the tens digit of f(1)?
6
Let j(p) = p**3 + 15*p**2 - 10*p - 22. What is the hundreds digit of j(-15)?
1
Let t(z) = 2*z**3 - 23*z**2 - z - 15. What is the tens digit of t(12)?
1
Let n be (-288 + 0)*(-4)/6. Suppose -3*g + 12 = 0, 4*g - 116 = -4*s + n. What is the tens digit of s?
7
Let n(q) be the third derivative of -q**4/8 + q**3/3 - 6*q**2. Let h be n(-9). Suppose -h + 101 = 3*p. What is the units digit of p?
4
Let k(s) = s**3 - 10*s**2 + 9*s - 8. Let c be k(9). Let t be c/6 - (-3)/9. Let p(g) = -33*g - 2. What is the tens digit of p(t)?
3
Suppose 4*q - 2 = -v, 3*v - 8 = -v + 5*q. Suppose 191 + 241 = v*a. Suppose 5*z - a = -11. What is the units digit of z?
1
Suppose 0*n = n - 40. Let c = 124 - n. What is the tens digit of c?
8
Suppose -4*s - 2*h = 2*h + 4, 0 = 2*s + 5*h + 14. Suppose 4*d + d + 65 = -s*g, -5*g = -4*d - 89. What is the tens digit of (-1)/(-2) - 200/d?
1
Let t = -83 - -89. What is the units digit of 188 - (t + -2 + 0)?
4
Let z be (-114)/(-10) + (-21)/(-35). Let o = z - 12. Suppose o*b - 4*b = -92. What is the tens digit of b?
2
Let l(y) = -7*y**3 + 3*y**2 - 2*y + 3. Let t be l(2). Let f = 83 + t. Let x = f + -14. What is the tens digit of x?
2
Suppose 0 = -3*x + 2*x + 3, 3*d = x + 9189. What is the tens digit of d?
6
Let l(d) = -15*d. Let k be l(-1). Let y = k + -9. What is the tens digit of 9*y/(-9)*-2?
1
Suppose 2*b - 1 = -5*c - 0, 2*b + 8 = 4*c. What is the units digit of (-3)/b + 109/2?
6
Suppose -v - v = -4. Suppose 2*q + 8 = j, 2 + 2 = 3*j - v*q. Let d(l) = 6*l**2 + 1. What is the tens digit of d(j)?
2
Suppose 2*a - 6*a + 28 = 0. Suppose 3 + a = 5*d. Suppose -d*n + 68 = 3*w - n, 4*w = -3*n + 99. What is the units digit of w?
1
Let s(l) = -10*l**3 - 16*l**2 + 3*l + 30. What is the thousands digit of s(-6)?
1
Let x(f) = -f**2 - 9*f - 9. Let p be x(-8). Let l = -13 - p. Let q = l - -21. What is the units digit of q?
9
Let a(g) = g**2 + 6*g - 8. Let d be a(-6). Let t be 6/d - (-90)/(-8). Let k = t - -18. What is the units digit of k?
6
Let r be (1 - 0)/(2/8). Suppose r*a + 3 = -1, 5*b = a + 306. What is the tens digit of b?
6
Let h(a) = 2*a**2 - a + 6 - 4 + 2*a**2 + a**2. Let o = 6 + -4. What is the tens digit of h(o)?
2
Let b = -99 - -108. Suppose 57 = 4*j - 39. Let d = j - b. What is the units digit of d?
5
Let s = -34 - -36. Suppose 3*n = s*u - 6*u + 158, 5*u + 20 = 0. What is the units digit of n?
8
Let q(b) = b**2 - 641 - 10*b + 606 - b. What is the units digit of q(16)?
5
Let q = 48 + 13. What is the units digit of q?
1
Let y = 3 + 0. Suppose -2*t - y*c + 32 = 0, -t = t - 2*c - 22. Let q = t + -4. What is the units digit of q?
9
Let z = 141 - 26. Let o = z + -32. What is the units digit of o?
3
Suppose -7*k + 56640 = 5*k. What is the thousands digit of k?
4
Suppose 52 = 16*a - 12*a. What is the units digit of (a/(-26))/(2/(-288))?
2
Suppose 0 = -h + 2*d, 5*d = -2*h - 0*h - 18. Let a be 40/h*(-39)/6. Let w = 134 - a. What is the units digit of w?
9
Let s = -1561 + 2212. What is the tens digit of s?
5
Let s = 453 + -235. What is the units digit of s?
8
Let b(v) = v**2 + 4*v - 7. Let n be b(-6). Suppose -11 = -q + 3*p, 3*q + 0*p + n*p - 5 = 0. Suppose 0 = -t + q + 4. What is the units digit of t?
9
Let o(s) = 2*s**3 + 3*s**2 + 2*s + 3. Let d be o(-2). Let r be (-74)/d + 1/5. What is the units digit of (-2)/10 + 138/r?
9
Suppose 3*j - 5*l = 12, -5*j - l + 6 + 14 = 0. What is the units digit of (-1092)/(-30) - j/10?
6
Let i(o) = 2*o**2 - 15*o + 7. Let l be i(7). Suppose l = -5*n + z - 2*z + 134, -5*z - 58 = -3*n. What is the units digit of n?
6
Let k = 230 + -120. Let m = k - 58. What is the tens digit of m?
5
Suppose 5096 = -3*q + 11*q. What is the units digit of q?
7
Suppose 14 = 2*w - 3*v, -2*w - 7 = 3*w + 3*v. Let g = 20 - w. What is the units digit of g?
9
Suppose -29*d = -4269 - 10347. What is the hundreds digit of d?
5
What is the tens digit of (11/(132/(-16)))/(18/(-77247))?
2
Let r(l) = 63*l**2 + 4*l - 5. What is the tens digit of r(-2)?
3
Let g = 358 + -314. What is the units digit of g?
4
Let h(i) = -2*i**3 + 5*i**2 - 3*i. Let k be h(3). Let w be 264/27 - 4/k. What is the tens digit of 214/w + (-4)/10?
2
Let t(k) be the first derivative of -18*k**2 - 12*k + 6. What is the tens digit of t(-3)?
9
Let r be (-2)/(-13) - 262/13. Let d be r/15*3/(-1). What is the units digit of d - ((-2)/(-1) + -3)?
5
Suppose 7*h = -4*y + 3*h, -y = 2*h. Suppose 39 = d - u - 3, y = d + 2*u - 54. What is the units digit of d?
6
Let a = -12 - -15. Suppose 174 = a*m - 2*m. Suppose -2*h = -o + h + 40, -4*o + 5*h + m = 0. What is the tens digit of o?
4
Suppose d = -4*t + 21, 5*d = -2*t + d. Suppose 5*z - 20 = -4*y, -z - y + t = 2. Suppose -z*g = -8*g + 44. What is the units digit of g?
1
Let c = -7 - -9. Suppose 4*u + 1 = 21, 0 = c*n + u - 37. Suppose -2*s = -n + 8. What is the units digit of s?
4
Suppose -g - 4*d = -5*g + 52, 2*g - d - 21 = 0. Suppose -667 = -g*u - 83. What is the tens digit of u?
7
Suppose 0 = -18*o + 22*o - 64. What is the units digit of (o/(-12))/(-3 - (-51)/18)?
8
Let a(j) = 102*j - 191. What is the units digit of a(11)?
1
Let w(q) = 149*q - 1. Let b be w(-1). Let o = -58 - b. What is the tens digit of o?
9
Suppose -4*m = -6277 - 4915. What is the tens digit of m?
9
Let i(v) be the second derivative of -v**4/12 - 2*v**3/3 + 5*v**2/2 + 2*v. Let q be i(-4). Suppose -q*r = -r - 8. What is the units digit of r?
2
Let n(q) = q**2 + 4. Let u(h) = h**3 + 8*h**2 + 3. Let k be u(-8). Suppose -k = -z - 7. What is the units digit of n(z)?
0
Suppose 14 = 4*g - 2*g. Let s(q) = -q**3 + 223*q**2 + 10 - 229*q**2 + 2*q**3 - 6*q. What is the tens digit of s(g)?
1
Let y = -431 + 859. What is the units digit of y?
8
Suppose 0 = -5*v + n + 31, 0 = 2*v + 4*n - 10 + 2. What is the tens digit of ((-44)/v)/((-10)/135)?
9
Let y = -36 - -22. Let n = 17 + y. Suppose -3*f + 24 = b, b + 0*b - n*f - 36 = 0. What is the units digit of b?
0
Let z = -152 + 234. Suppose 4*f = 3 + 1, 3*o - 5*f - z = 0. What is the units digit of o?
9
Let m = 71 - 74. What is the units digit of (-2)/m + (-726)/(-18)?
1
Let y be (-2)/5 - ((-23)/(-5) + -1). What is the tens digit of 682/4 - 2/y?
7
Suppose 0 = -3*m + 523 + 524. What is the hundreds digit of m?
3
Let g(q) be the first derivative of -1/4*q**4 - 2*q - 3 - 1/3*q**3 - q**2. What is the units digit of g(-2)?
6
Let z(i) = -3*i - 62. Let g be z(-22). Suppose g*f - 4*v = 140, 4*f - 2*v = 199 - 55. What is the units digit of f?
7
Let c = -269 + 503. Suppose c = 3*o + 3*o. What is the tens digit of o?
3
Let f be 1 + 0 + (14 - -2). Suppose 336 = -f*n + 24*n. What is the tens digit of n?
4
What is the tens digit of (-4 + (-112)/(-21))*147?
9
Let r(x) = 8*x - 27. Let i = -36 - -46. What is the tens digit of r(i)?
5
Suppose -k - o = 0, -5*k + 0*k = -o - 24. Suppose 0 = 4*g + k*z - 96, 0*z - 36 = -g + 5*z. What is the units digit of g?
6
Suppose -2*p - 2*t = -p - 13, -4*p - 5*t = -40. Suppose 4*o = -p*z + 5 + 328, -4*o + 73 = z. What is the tens digit of z?
6
Suppose -p + 2*a - 20 = -a, -4*a = -3*p - 35. What is the tens digit of 0 - 27/(-12)*(17 + p)?
2
Suppose 2*s + 2*m + 3 = 47, 0 = 5*m - 25. Suppose 4 = -4*u + 12. Let d = s + u. What is the tens digit of d?
1
Suppose 5*s - 198 - 33 = -3*i, 5*s - 3*i = 219. Let z be (6/(-10))/(-3 - 64/(-20)). What is the tens digit of ((-4)/6)/(z/s)?
1
Let n be 6/(-4)*1*(-4)/(-2). What is the units digit of n/((-18)/4) + (-232)/(-3)?
8
Suppose -2*f = -5*f + 5*g + 218, 0 = 2*f + 4*g - 160. Suppose -5*i - 16 = -f. Suppose 17*b - i*b - 105 = 0. What is the tens digit of b?
2
Suppose 11*c = 6*c + 4*t + 909, 0 = 3*t + 3. What is the tens digit of c?
8
Suppose 3*u + 4*k = -0*u + 13390, -3*u = -3*k - 13425. What is the hundreds digit of u?
4
What is the units digit of ((-5)/((-10)/208))/(5/15)?
2
Let s = -2294 - -5481. What is the hundreds digit of s?
1
Let l = -349 - -1178. What is the tens digit of l?
2
Suppose 3787 = 5*a - 1268. What is the tens digit of a?
1
Let x(z) = z**3 - 12*z**2 - 12*z + 88. What is the thousands digit of x(17)?
1
Let x = -49 - -11